 16?
12
Calculate the remainder when 93 is divided by 14.
9
What is the remainder when 458 is divided by 23?
21
Calculate the remainder when 130 is divided by 73.
57
What is the remainder when 79 is divided by 60?
19
Calculate the remainder when 4657 is divided by 333.
328
Calculate the remainder when 865 is divided by 14.
11
Calculate the remainder when 1373 is divided by 681.
11
What is the remainder when 28978 is divided by 42?
40
Calculate the remainder when 816 is divided by 207.
195
What is the remainder when 1810 is divided by 22?
6
Calculate the remainder when 688 is divided by 271.
146
Calculate the remainder when 192 is divided by 53.
33
Calculate the remainder when 2990 is divided by 143.
130
Calculate the remainder when 406 is divided by 11.
10
Calculate the remainder when 1172 is divided by 147.
143
Calculate the remainder when 88 is divided by 45.
43
What is the remainder when 240 is divided by 62?
54
What is the remainder when 139 is divided by 18?
13
Calculate the remainder when 99 is divided by 33.
0
Calculate the remainder when 632 is divided by 308.
16
Calculate the remainder when 5553 is divided by 40.
33
Calculate the remainder when 1086 is divided by 121.
118
Calculate the remainder when 125 is divided by 21.
20
Calculate the remainder when 52 is divided by 21.
10
Calculate the remainder when 1014 is divided by 338.
0
Calculate the remainder when 87 is divided by 61.
26
What is the remainder when 37 is divided by 5?
2
Calculate the remainder when 8397 is divided by 13.
12
Calculate the remainder when 3479 is divided by 15.
14
Calculate the remainder when 138 is divided by 63.
12
Calculate the remainder when 658 is divided by 44.
42
What is the remainder when 257 is divided by 61?
13
Calculate the remainder when 922 is divided by 157.
137
Calculate the remainder when 2208 is divided by 33.
30
What is the remainder when 63 is divided by 32?
31
Calculate the remainder when 5043 is divided by 359.
17
Calculate the remainder when 361 is divided by 126.
109
What is the remainder when 6420 is divided by 21?
15
Calculate the remainder when 262 is divided by 72.
46
Calculate the remainder when 168 is divided by 25.
18
Calculate the remainder when 168 is divided by 85.
83
What is the remainder when 559 is divided by 58?
37
Calculate the remainder when 11806 is divided by 144.
142
What is the remainder when 169 is divided by 80?
9
Calculate the remainder when 201 is divided by 4.
1
What is the remainder when 5840 is divided by 167?
162
What is the remainder when 2498 is divided by 516?
434
What is the remainder when 243 is divided by 95?
53
Calculate the remainder when 662 is divided by 133.
130
Calculate the remainder when 567 is divided by 185.
12
Calculate the remainder when 167 is divided by 17.
14
Calculate the remainder when 217 is divided by 11.
8
What is the remainder when 109 is divided by 34?
7
What is the remainder when 616 is divided by 37?
24
Calculate the remainder when 6218 is divided by 1243.
3
Calculate the remainder when 256 is divided by 244.
12
Calculate the remainder when 62 is divided by 31.
0
Calculate the remainder when 427 is divided by 13.
11
Calculate the remainder when 1117 is divided by 366.
19
What is the remainder when 375 is divided by 136?
103
Calculate the remainder when 91 is divided by 25.
16
Calculate the remainder when 190 is divided by 183.
7
What is the remainder when 19116 is divided by 16?
12
What is the remainder when 6642 is divided by 15?
12
What is the remainder when 5852 is divided by 12?
8
What is the remainder when 468 is divided by 71?
42
Calculate the remainder when 2272 is divided by 24.
16
Calculate the remainder when 616 is divided by 30.
16
What is the remainder when 281 is divided by 103?
75
Calculate the remainder when 1133 is divided by 67.
61
Calculate the remainder when 220 is divided by 37.
35
Calculate the remainder when 466 is divided by 39.
37
Calculate the remainder when 1573 is divided by 45.
43
What is the remainder when 134 is divided by 50?
34
Calculate the remainder when 201 is divided by 55.
36
What is the remainder when 461 is divided by 261?
200
What is the remainder when 741 is divided by 93?
90
Calculate the remainder when 710 is divided by 191.
137
Calculate the remainder when 420 is divided by 53.
49
What is the remainder when 137 is divided by 66?
5
Calculate the remainder when 11 is divided by 8.
3
Calculate the remainder when 608 is divided by 122.
120
What is the remainder when 86 is divided by 16?
6
What is the remainder when 2238 is divided by 159?
12
Calculate the remainder when 1044 is divided by 30.
24
What is the remainder when 463 is divided by 18?
13
What is the remainder when 1110 is divided by 164?
126
What is the remainder when 2751 is divided by 29?
25
What is the remainder when 75 is divided by 30?
15
What is the remainder when 2384 is divided by 55?
19
What is the remainder when 401 is divided by 148?
105
What is the remainder when 17 is divided by 3?
2
Calculate the remainder when 1239 is divided by 46.
43
What is the remainder when 1472 is divided by 21?
2
What is the remainder when 69 is divided by 8?
5
Calculate the remainder when 5604 is divided by 267.
264
Calculate the remainder when 179 is divided by 141.
38
What is the remainder when 183 is divided by 62?
59
What is the remainder when 204 is divided by 104?
100
What is the remainder when 1383 is divided by 34?
23
What is the remainder when 801 is divided by 12?
9
What is the remainder when 4913 is divided by 117?
116
Calculate the remainder when 788 is divided by 113.
110
Calculate the remainder when 6838 is divided by 380.
378
What is the remainder when 66 is divided by 1?
0
Calculate the remainder when 1334 is divided by 150.
134
What is the remainder when 3344 is divided by 416?
16
What is the remainder when 341 is divided by 57?
56
Calculate the remainder when 122652 is divided by 17.
14
Calculate the remainder when 517 is divided by 53.
40
What is the remainder when 602 is divided by 55?
52
Calculate the remainder when 691 is divided by 170.
11
What is the remainder when 5627 is divided by 91?
76
What is the remainder when 5233 is divided by 1741?
10
What is the remainder when 317 is divided by 271?
46
What is the remainder when 538 is divided by 95?
63
What is the remainder when 273 is divided by 46?
43
Calculate the remainder when 974 is divided by 88.
6
What is the remainder when 2138 is divided by 102?
98
What is the remainder when 4141 is divided by 21?
4
What is the remainder when 361 is divided by 33?
31
What is the remainder when 17741 is divided by 13?
9
What is the remainder when 232 is divided by 3?
1
What is the remainder when 42 is divided by 11?
9
What is the remainder when 65 is divided by 31?
3
Calculate the remainder when 2096 is divided by 75.
71
Calculate the remainder when 4431 is divided by 31.
29
What is the remainder when 189 is divided by 49?
42
Calculate the remainder when 387 is divided by 65.
62
What is the remainder when 2056 is divided by 23?
9
Calculate the remainder when 949 is divided by 235.
9
Calculate the remainder when 94 is divided by 8.
6
Calculate the remainder when 561 is divided by 30.
21
What is the remainder when 1995 is divided by 67?
52
Calculate the remainder when 633 is divided by 545.
88
Calculate the remainder when 313 is divided by 66.
49
Calculate the remainder when 81 is divided by 14.
11
Calculate the remainder when 1720 is divided by 157.
150
What is the remainder when 97 is divided by 11?
9
Calculate the remainder when 768 is divided by 393.
375
What is the remainder when 24383 is divided by 274?
271
Calculate the remainder when 194 is divided by 55.
29
Calculate the remainder when 23 is divided by 5.
3
What is the remainder when 1497 is divided by 30?
27
Calculate the remainder when 492 is divided by 216.
60
What is the remainder when 478 is divided by 13?
10
Calculate the remainder when 2734 is divided by 23.
20
What is the remainder when 156 is divided by 39?
0
Calculate the remainder when 66 is divided by 3.
0
Calculate the remainder when 626 is divided by 17.
14
Calculate the remainder when 2 is divided by 1.
0
What is the remainder when 481 is divided by 19?
6
What is the remainder when 297 is divided by 82?
51